te -89 + (110 - (-15 + 80)).
-44
4 + 0 - 0 - ((13 - 67) + 14)
44
-31 + (-2 + 0 - (-40 + 12 - -30))
-35
What is the value of 60 + 28 + -72 + 19?
35
3 + (20 - (4 + -19)) + (7 - (9 - 18))
54
Calculate 8 + -35 - (-19 - (-16 + -25)).
-49
6 - (14 + -10 - -5) - (-24 + 19)
2
What is the value of -25 - -2 - (258 - 344)?
63
What is 58 + -19 + -28 - (70 + -2)?
-57
What is the value of (-43 - -41) + 3 - -41?
42
Evaluate (-50 - 2) + (37 - 61) + 128.
52
What is the value of (29 - 0) + -22 - (3 - (45 - 4)) - -6?
51
What is 84 + (-30 - (-5 + -5)) - 11?
53
What is the value of (85 - 56) + -2 + -1 + 10?
36
What is 2 + -10 - (-1 + -10 + (-77 - -64 - -29))?
-13
1 - 13 - -105 - 41
52
Calculate 13461 + -13384 - ((-1 - -14) + 1 + 1).
62
What is the value of 1 - -14 - (-4 - (24 + 8) - -46)?
5
Calculate -1 + (15 - 1) - (-49 - (60 - 161)).
-39
Calculate 6 + (41 - (81 + 12)).
-46
What is the value of 78 + 2 - ((95 + -46 - 60) + -9)?
100
Evaluate (39 - (-8 - -86)) + 22.
-17
Evaluate -49 + 58 - (-10 - (-57 - 12)).
-50
Calculate 9 + 68 + -51 + (24 - -11).
61
What is the value of 24 + -228 + 253 + 1 + -15 + -17?
18
Calculate 1 + (4 + 19 - 23) + 3 + -32.
-28
-33 - -28 - (-1 + 37 - (-3 + (2 - -2)))
-40
What is the value of (-12 + -1 - (-1 - 0)) + (3133 - 3147)?
-26
Calculate 58 + (73 - 61) - (3 + -18).
85
-5 + -4 + -27 + 2 + 14 + 9
-11
2 - 40 - (-43 + 36)
-31
Evaluate 35 + (7 - 66) + 14 + 65.
55
What is the value of 58 + -29 + (2 - (-2 - -1)) + -7?
25
Evaluate -23 - -42 - (33 + 8).
-22
What is -2 + 6 + -28 + (-40 - -12) + 41?
-11
Calculate 18 + -40 + 113 + (9 - (-16 - -5)).
111
Evaluate 5 - (-4 + -13 + -2 - 5).
29
What is 5 + (0 + 9 - (98 - 92)) - (2 + 61)?
-55
What is 92 - (53 + 41) - (1 + (1 - 21) + -3)?
20
What is (-317 - -206) + (-18 + -1 + 24 - (9 + 0))?
-115
(0 - 51) + -1181 + 1191
-41
Calculate -93 - -112 - ((22 - (-1 - -6)) + -5).
7
Evaluate 276 + -276 - ((2 - 31) + (2 - 3)).
30
Evaluate -3 - 19 - ((-40 + 32 - -17) + -19).
-12
(-37 - -29) + (53 - (0 - (-17 - -7)))
35
Calculate -145 + -1 + (75 - (93 + 26 - 52)).
-138
Calculate 1538 + -1550 - (0 - -31).
-43
Calculate (-12 - (-11 + -17)) + -1 - (-80 - (-10 - 2)).
83
Evaluate 13 + (12 - 1) + (-41 - -8) - -36.
27
19 - (-19 - (4 + -7 - 38))
-3
What is the value of 0 - (-8 + (10 - (0 + -13 + 10)))?
-5
What is the value of -9 + 31 + 210 + -255?
-23
What is 3 - (((-7 - (8 + -8)) + -3 - -3) + 1)?
9
Calculate (-91 - (110 + -177)) + (52 - 1) - 10.
17
What is the value of -23 - -55 - (-3 - -13) - 31?
-9
10 - 2 - (16 - (-9 + (-2 - -9) - -13))
3
Calculate -55 - (42 + -36 - 22).
-39
Calculate -11 - (-22 - -13 - -16) - (-6 + 14).
-26
What is the value of (-22 - -38) + -21 + 60 + -17 + 1?
39
Calculate (90 - 60) + 92 - (11 - -10).
101
What is the value of -35 - (6 + -10) - (-456 + 473)?
-48
What is 23 + -18 + -74 + (7 - 39)?
-101
Calculate (3 - 3 - -66) + (3 - -6) + 7 + -25.
57
Calculate -19 + (-4 - -2) + 1856 + -1881.
-46
-26 + 2 + -14 + -11 - (-8 - 0)
-41
Evaluate 60 + -3 + (-9 - -6) + (1 - 14 - -3).
44
What is (28 - 42) + 31 + -9 - ((-1 - -54) + 2)?
-47
What is 5 - (8 + (9 - 8)) - (9 + -7 + -10)?
4
What is the value of 91 - (-24 + 73) - 73?
-31
What is (-9 - -47) + 13 + (-5 - (-1 + -4))?
51
What is -2 + -3 + 11 - (-69 + (3 - -7 - -13))?
52
Evaluate 11 + (-31 - -45) - 81 - 5.
-61
What is -105 - (5 - 114) - -56?
60
What is -16 + (29 + -89 - -63)?
-13
What is the value of (4565 - 4682) + (193 - 2)?
74
Evaluate 113 - (-1 + -3 + (40 - (70 - 34))).
113
Evaluate -6 - (9 + (2 - -5 - 6)) - -69.
53
Evaluate -9 - (-4 + 4 + 8 + -10).
-7
What is -12 - (5 - 11) - (-4 - (-8 - 1))?
-11
What is the value of 10 - ((22 - -9) + -18) - (-4 - -47)?
-46
Evaluate 0 - 0 - (-1 - 3) - (14 + -28).
18
Calculate -99 + (43 - 10 - 33) - 2.
-101
Calculate -19 - (-11 - (1 - -1)) - -4 - (-11 - -3).
6
(-2051 - -2058) + (1 + 1 - (7 - 4))
6
Evaluate (-7 - 6) + 70 + 18 + -20.
55
What is the value of 9 + -2 + (30 - 41) + (144 - 62)?
78
(-13 - (-34 - 19)) + 29
69
Calculate 53 + (-110 + 17 - -25).
-15
What is (5 - 1 - (83 - 57 - 29)) + -77?
-70
What is (-1 - 14) + (51 - 27 - (13 + 10))?
-14
What is the value of 22 + 9 + (38 - 53) - 11?
5
Calculate -96 + (-135 + 89 - -91).
-51
What is (0 + 0 + -1 - 6) + (-50 - (-139 + 76))?
6
Evaluate 14 - ((18 - 4) + 43).
-43
Calculate -17 + 88 + 16 - 33.
54
What is 2 + -3 - ((0 - 22) + -215 + 181)?
55
(27 - 37) + 16 - (-11 - (-90 + -8))
-81
What is 1 + (-11 + 22 - (-6 + 10)) + -59?
-51
Evaluate (-1 + 3 - 24 - -7) + -83 + 85.
-13
Evaluate -53 - (-21 + 25 + -19).
-38
Calculate (7 - (0 + 1)) + (0 + -3 - 112) + 33.
-76
Calculate -5 + 4 + (7 - -4) - 45.
-35
Evaluate -888 + 946 + (1 - 69).
-10
Evaluate 111 + 17 + 9 + -48 + 29.
118
What is -16 + 14 + -6 + 6 + 22 + -8?
12
What is the value of -11 - (-3 - 5) - -53 - (-65 - -60)?
55
What is the value of 58 - (63 + -16) - (-1 + 3 + 0)?
9
Evaluate 21 + 51 + -61 + -55.
-44
What is (-16 - -4) + 19 + 2 + (-11 - -12) - 55?
-45
Evaluate (-2 - -39 - (-268 - -197)) + -25.
83
Evaluate -12 + (-1 - 1) - (-294 - -323).
-43
Evaluate -26 - (49 + 0 + 825 + -850).
-50
Evaluate -132 + -1 + 2 - (-1 - 1) - (48225 - 48238).
-116
What is the value of 19 + -43 + (-14 - 9) + -10?
-57
Calculate (-83 - -59) + (36 - 2) + -8.
2
Calculate -55 + 0 + (-80 - -167).
32
-178 + 70 + 25 - -114
31
22 - 6 - (8 + (-2 - 6) + 12)
4
What is (1 - -59) + 24 + -69 + 74?
89
What is the value of -6 + 3 - -15 - (-312 + 295)?
29
Calculate 5 - (60 + (-53 - 55) - (17 - 0)).
70
Calculate (-30 - 109) + 116 - (-109 + 5 + -5).
86
What is the value of -25 + (-36 + 44 - -47) + 30?
60
Evaluate (-12 - (-17 + -2)) + -6 + -86 + 16.
-69
Evaluate -7 - ((22 - 0) + -76 + 52).
-5
What is the value of -33 + 116 + -15 + 17 - 23?
62
What is the value of 43 + (-81 - (51 + -142))?
53
Calculate -94 + (-84 - -48) - -31.
-99
Calculate -1 - ((-154 - -56) + 76).
21
What is the value of 14 - 3 - ((-4 - -1) + (-19 - -24) + 7)?
2
Evaluate (-340 - -263) + (-5 - -32).
-50
What is 2 - ((55 - (81 + -45)) + 100)?
-117
Calculate 0 + 0 + -57 + 106 + -124 + 26.
-49
What is the value of (-5 - -79) + -25 + (-2 - 19)?
28
Evaluate 17 - (-250 + 223 + 21 + 1).
22
Calculate 0 + 2 + -24 + 6 + (47 + -57 - 16).
-42
2 - (13 + (-8 - -2)) - -5 - (-69 + 55)
14
Calculate 3 - (-59 - (24 - 27)).
59
What is 0 - 1 - (-155 + 44 + 128)?
-18
Calculate -2 - (-20 - 0 - (-299 + 300 + (-5 - 0))).
14
70 + -36 + -51 + 44
27
Calculate (-65 + 63 - (2 + -2 + -3)) + (-457 - -410).
-46
Evaluate 99 - (147 + 37 - 65).
-20
What is 6 + 28 + -41 + -31 + -25?
-63
8 - (18 - (-6 - 6))
-22
What is (-6 - (-2 + 5 + 0)) + 47 + 7 + 15?
60
-6 + (27 - (14 + -4)) - (-1 + -49)
61
What is the value of (1 - -88) + -25 + -28 + 67?
103
Calculate 116 - (-142 - -295) - 59.
-96
What is 704 + -703 + 6 + (1 + -3 - 0) - -54?
59
Calculate 64 + (0 - -7) - (0 + 7 + 2 + 1).
61
What is the value of 5 + (28 - (51 + -25)) + 38?
45
What is 82 + 11 + (-31 - -9 - -1 - 0)?
72
What is the value of (473 - 575) + -9 + 2 + (-38 - -28)?
-119
(-3 - (0 + -2)) + -1216 + 1181
-36
What is -7 + (-6 - -4) - (-168 - -185)?
-26
(-10 - (-12 - -14)) + -3 - -29 - (-1 - 6)
21
What is 0 + 12 + -6 - (-15 - -42 - 33)?
12
What is the value of -4611 - -4518 - (21 - 0)?
-114
What is the value of -25 - 0 - (-520 - -487)?
8
-53 + -1 - (-5265 - -5241)
-30
What is -121 + (-55 - -284 - 86)?
22
Calculate (2 - ((-1 - 1) + 2)) + (8 - (69 + -7)).
-52
Calculate 6 + (7 - (-12 + 13 + -4)) - (12 - 4).
8
Calculate 111 + -160 - (-29 - -23).
-43
Evaluate 2 + -9 + 2 + (-3 - 0) + -36 + 30.
-14
Evaluate (-35 - -59) + -57 + 14 - (-103 + -2).
86
Calculate 36 + 43 + -30 + -29.
20
What is the value of (-10 - 103) + 16 + 65?
-32
What is the value of (-21 - -29) + -19 + -31 - 0?
-42
Evaluate 100 + -27 + -216 + 96.
-47
What is (-12 - (-4 - -5)) + (-12 - (10 + -15))?
-20
Evaluate (345 - 404) + (-4 - (-12 - (3 - 5))).
-53
Calculate 3 - ((2 - 5) + 44 + 59 + -66).
-31
What is the value of 0 - -5 - (86 + -201 + 94)?
26
Calculate -14 + (-8 - -1 - (-28 - (16 - 42))).
-19
Evaluate (-73 - -132 - 30) + -43.
-14
What is (1684 - 1638) + (-14 + 1 - 0) - -13?
46
Calculate 17491 - 17525 - (-43 + -2 + 2).
9
-51 + (-4 + -4 - -29)
-30
Evaluate (-8 - -4) + -7 + 40 + 7.
36
Evaluate (0 - 58) + 107 + -108.
-59
Evaluate (-23 - -63) + -20 + -19 + 7 + 0.
8
-15037 + 15156 + -1 + 2 + (-1 - 18 - -4)
105
What is 48 + -1 + -3 - 